7). Suppose -4*a + 2*r = -667 + 235, 2*a = -3*r + 232. What is the highest common divisor of m and a?
10
Suppose 2*u = -2*u + 2*t + 4, -4*t = 8. Let c be (u - 3)/((-1)/(0 - -1)). Calculate the highest common divisor of c and 3.
3
Suppose 2*q = -3*v + 361, -3*v + 4*q = 3*q - 373. Calculate the greatest common divisor of v and 205.
41
Let t = -569 - -685. What is the greatest common factor of t and 754?
58
Let v = -79 - -94. Calculate the highest common divisor of v and 435.
15
Let o(a) = 7*a - 1. Let l be o(1). Let p be (4 - 8)/(-1 - 0) - -44. Calculate the highest common factor of p and l.
6
Suppose k = 10 - 8. Suppose k*f - 570 = -4*j, 3*f + 400 = 3*j - f. What is the highest common factor of 28 and j?
28
Let s = -40 - -65. What is the highest common divisor of 10 and s?
5
Let k(s) = 60*s + 1. Let r be k(1). What is the highest common divisor of r and 976?
61
Let p(i) = i**3 + 3*i**2 + 7*i - 3. Let n be p(-4). Let s = 58 + n. Calculate the greatest common divisor of s and 77.
11
Let v be 4356/(-660)*(-160)/6. What is the greatest common divisor of 112 and v?
16
Suppose 0 = -2*c + 9 + 23. Suppose -5*k = z + 1, -2*k + 1 = z + k. Suppose -z*q + 20 = q. Calculate the highest common divisor of c and q.
4
Let t be -1 + 1 + -2 + 22646/169. Calculate the greatest common divisor of 165 and t.
33
Suppose t - 2*p - 4242 = 0, -4*t - 14*p + 16977 = -19*p. What is the greatest common divisor of 72 and t?
72
Let h = -272 - -347. What is the highest common factor of h and 2025?
75
Let d = 255 - 250. Suppose -2*m - 20 = -3*m. Calculate the greatest common divisor of m and d.
5
Let a(b) = 2*b**3 + 3*b**2 - 2*b + 1. Let f be a(-2). Suppose -o - f = 0, 5*p - 5*o - 576 = -4*o. What is the greatest common divisor of 46 and p?
23
Let b = 19 - -151. What is the greatest common factor of 30 and b?
10
Suppose -5*d + 228 = -x, -7*d = -4*d + 3*x - 126. What is the greatest common factor of 36 and d?
9
Let q(a) = -a - 14. Let s be q(-6). Let t be 12/(-8) + (-284)/s. Calculate the greatest common divisor of t and 85.
17
Suppose 0 = -2*r - 3*t - 70 + 662, -596 = -2*r - 4*t. Calculate the highest common factor of 10 and r.
10
Let p = 874 - 774. Calculate the highest common factor of p and 180.
20
Let j be ((-2)/(-4))/(1/36). Suppose -5*z = -228 + 48. Calculate the highest common factor of z and j.
18
Suppose -63*q = 5508 - 19683. What is the highest common factor of q and 150?
75
Suppose -c = -2*n + 2*c + 21, 2*n - 13 = -5*c. What is the highest common factor of n and 2?
1
Let d(r) = 2*r**3 + 52*r**2 - 51*r + 162. Let n be d(-27). What is the greatest common divisor of n and 3807?
81
Suppose 0 = z - 51 - 12. Let x(b) = 7*b**2 - 11*b + 11. Let g be x(1). What is the highest common factor of g and z?
7
Let o(z) = 5*z + 12. Let a be o(6). Calculate the greatest common divisor of a and 273.
21
Suppose 16*a - 256 = 272. What is the greatest common divisor of 6 and a?
3
Let q(j) = j**3 - 3*j - 4*j**2 + 1 + 1 - 3*j - 16. Let s be q(6). What is the highest common divisor of s and 176?
22
Suppose 16*c + 23 = 279. Let g = 2 - 0. Suppose 4*q + 2*n - 576 = 0, 3*q + g*n = -n + 432. What is the greatest common divisor of q and c?
16
Let l(y) = -y - 15. Let i(f) = 15. Let u(s) = 4*i(s) + 5*l(s). Let z be u(-5). Calculate the highest common divisor of 5 and z.
5
Let v be 2 + -4 + 9 + -1. Let f(m) = m - 6. Let w be f(v). Suppose 0 = 2*n, w*n = 2*t - 3*n - 16. What is the highest common factor of 1 and t?
1
Let c = 1860 - 1854. Let z be 3/((-2)/(-6)*1). What is the greatest common factor of c and z?
3
Let q(p) = -p**3 + 10*p**2 - 20*p - 8. Let d be q(6). Calculate the highest common factor of d and 36.
4
Suppose 2*d + 2*v - 252 = -v, -4*d + v = -518. Suppose -5*t + d = -51. Suppose -m + t = -0*m. What is the highest common factor of 9 and m?
9
Let y be ((-2 - -7) + -4)*19. Calculate the greatest common divisor of y and 589.
19
Suppose -651*g - 230 = -674*g. Let s = 15 + -11. Calculate the greatest common factor of s and g.
2
Let c = -844 + 914. What is the highest common factor of 49 and c?
7
Suppose u - 4*u + 12 = 0. Suppose -25 = -u*d - 1. Let l = -95 + 137. What is the highest common divisor of d and l?
6
Suppose -5*p - 20 = -10*p, 2*r = 5*p - 20. Suppose 0 = 2*v + 2*j - 184, r = 3*v - 2*j - 335 + 79. What is the highest common factor of v and 11?
11
Suppose -8*f = -13*f - 170. Let y = -9 - f. Calculate the greatest common factor of y and 100.
25
Let s(x) = -x. Let n(y) = -132. Let b(r) = -n(r) - s(r). Let p be b(0). Calculate the highest common factor of p and 12.
12
Let m(g) = g**3 + 5*g**2 - 9. Let d be m(-4). What is the highest common factor of d and 224?
7
Let l(o) = o**3 + 5*o**2 + 2*o - 1. Let b be l(-3). Let v(u) = -u**2 - 54*u + 66. Let z be v(-55). What is the greatest common factor of z and b?
11
Suppose 120*z = 132*z - 3192. What is the highest common factor of z and 114?
38
Suppose -a + 4*z + 11 = -4, 4*a - z - 30 = 0. Suppose a*p = 12*p - 100. Suppose -r + p = 4*r. What is the highest common factor of r and 36?
4
Suppose -2*l + 2294 = 836. What is the greatest common divisor of l and 27?
27
Let d(a) = 3*a - 16. Let f be d(12). Suppose -w = 4*u - f, 0*w - 2*w - 4*u + 24 = 0. Suppose w*h + 75 = 5*h. What is the highest common factor of 15 and h?
15
Suppose -3*k = -65 - 109. Let y = k - 33. Suppose 61 - y = 2*m. Calculate the greatest common divisor of 18 and m.
18
Let o be ((86/3)/((-12)/18))/(-1). What is the greatest common factor of 645 and o?
43
Suppose 23*g = 4*g + 247. Calculate the highest common factor of g and 182.
13
Let y = 10 - -33. Let z be 43/((2 + 0)/2). What is the highest common factor of z and y?
43
Suppose -2*c = -5*c + 24. Let b be -6*12/(-144) - 158/(-4). Calculate the greatest common divisor of b and c.
8
Let h(d) = -d**3 + 18*d**2 + 2*d - 31. Let m be h(18). Suppose m*n - 10 = -p + 4*n, -2*p - n = -19. Calculate the greatest common factor of p and 99.
9
Suppose 7*w = -10 + 94. Calculate the highest common divisor of 150 and w.
6
Suppose -2*n + 3*f + 966 = 2*n, -4*f = 3*n - 712. Suppose 5*l - 13*l + n = 0. What is the highest common divisor of 10 and l?
10
Let q be 625/35 + (-1)/(-7). Suppose 8*l + q = 2*l. Let o be (-188)/(-4) + l - -1. Calculate the greatest common divisor of 5 and o.
5
Let r = 424 + -226. Suppose 0 = -5*m + 2*j + 364 + r, -3*m - 2*j = -334. What is the greatest common factor of m and 28?
28
Suppose 0*h = -2*h - 3*q + 47, -5*q + 70 = 3*h. Let j = -420 + 520. Calculate the highest common factor of j and h.
25
Let w(z) = 34*z**2 - z. Let g be w(-1). Let y be (-343)/(-294)*(1 + 5). What is the greatest common factor of g and y?
7
Let r be ((-66)/4)/(282/(-188)). Suppose -5*y = -3*n + 59, 4*n - 8*n - 4*y + 132 = 0. Let j = n - 17. What is the highest common divisor of r and j?
11
Let t(l) = -5*l - 3. Let d be t(-5). Suppose -4*p - h + 705 = 0, 3*p = -5*h + 1 + 532. What is the greatest common divisor of p and d?
22
Suppose 5*b + 4*z - 258 = -0*z, 3*b = -2*z + 154. Suppose 3*w - b = -2*w. Let v be 2/w + (-654)/(-30). Calculate the greatest common divisor of 242 and v.
22
Suppose 2*t - 8 = 0, -t = -3*c + 636 + 2363. Calculate the highest common factor of c and 11.
11
Suppose -87*j + 35*j = -24700. Calculate the highest common divisor of 76 and j.
19
Suppose 14*n + 3*n = 1224. Calculate the greatest common factor of 9 and n.
9
Let h(a) = -7*a - 12*a - 24*a - 8*a + 3. Let p be h(-2). Calculate the greatest common divisor of 15 and p.
15
Let q(d) = 162*d - 1184. Let p be q(8). Calculate the greatest common factor of 1288 and p.
56
Let q = -40 - -42. Suppose 2*p = q*u + 380, 2*p + 3*u - 4*u - 379 = 0. Calculate the highest common divisor of p and 21.
21
Suppose -4*t - 3*t + 252 = 0. Let f = t + -7. Calculate the highest common factor of f and 319.
29
Suppose -26*n + 108 = -22. Calculate the highest common divisor of 56 and n.
1
Suppose 28*g - 12*g - 400 = 0. Calculate the highest common divisor of g and 100.
25
Let k(f) = -7*f - 14*f + f**3 + 2*f**2 - 1 + 20*f. Let u be k(2). What is the highest common divisor of u and 117?
13
Let w(g) = 16*g**2 + g - 1. Let h be w(1). Suppose -3 = -13*s + h*s. Let b be (-49)/(-4) + s/4. Calculate the highest common factor of b and 30.
6
Suppose 8*d - 7*d = 6. Let r be (-2)/(-6) - (-142)/d. Let m be 8/3 + (